s 26586 a multiple of 9?
True
Is 15 a factor of 732630?
True
Is 22 a factor of 649830?
False
Does 44 divide 697752?
True
Is 45 a factor of 5048640?
True
Is 8 a factor of 609672?
True
Is 2250803 a multiple of 3?
False
Is 164 a factor of 1454188?
True
Is 1781025 a multiple of 13?
False
Is 33 a factor of 2729339?
False
Is 12 a factor of 3106086?
False
Is 1840616 a multiple of 502?
False
Does 375 divide 16864875?
True
Is 576501 a multiple of 11?
False
Does 354 divide 6155967?
False
Is 773555 a multiple of 42?
False
Does 25 divide 632925?
True
Is 3 a factor of 339588?
True
Is 319538 a multiple of 205?
False
Does 81 divide 1530170?
False
Is 37 a factor of 9939335?
False
Is 40 a factor of 84547?
False
Is 1079 a factor of 4228601?
True
Does 307 divide 3636939?
False
Is 19 a factor of 929321?
False
Is 25 a factor of 216000?
True
Does 17 divide 347956?
True
Is 620207 a multiple of 3?
False
Is 125 a factor of 770157?
False
Does 24 divide 241736?
False
Does 102 divide 342210?
True
Is 16 a factor of 266093?
False
Does 26 divide 7394608?
True
Does 96 divide 10219655?
False
Is 6200 a multiple of 3?
False
Is 1453644 a multiple of 498?
False
Does 252 divide 170560?
False
Is 126240 a multiple of 4?
True
Does 22 divide 911504?
True
Does 18 divide 73530?
True
Does 10 divide 3840266?
False
Is 101 a factor of 3097468?
True
Does 116 divide 695304?
True
Is 4067913 a multiple of 249?
True
Is 78371 a multiple of 719?
True
Is 36538 a multiple of 69?
False
Does 8 divide 18499568?
True
Is 1009775 a multiple of 42?
False
Does 10 divide 126450?
True
Is 8 a factor of 1250608?
True
Is 540929 even?
False
Is 47 a factor of 403260?
True
Is 81 a factor of 315923?
False
Is 658808 a multiple of 20?
False
Is 10101044 a multiple of 86?
True
Is 5065987 a multiple of 993?
False
Does 43 divide 2588815?
True
Is 293133 a multiple of 33?
False
Does 253 divide 515398?
False
Does 39 divide 290004?
True
Does 673 divide 9969856?
False
Is 434 a factor of 2641351?
False
Is 971906 a multiple of 377?
True
Is 1861871 a multiple of 3?
False
Is 4898550 a multiple of 226?
True
Is 1152240 a multiple of 15?
True
Is 20 a factor of 5497200?
True
Is 29621606 a multiple of 24?
False
Does 20 divide 9268?
False
Is 134 a factor of 456583?
False
Is 101 a factor of 106353?
True
Is 46410 a multiple of 30?
True
Does 112 divide 131040?
True
Does 27 divide 86006?
False
Is 1329666 a multiple of 78?
True
Does 57 divide 219910?
False
Is 118348 a multiple of 265?
False
Is 39876 a multiple of 121?
False
Is 13387982 a multiple of 12?
False
Is 8 a factor of 315?
False
Is 15 a factor of 467025?
True
Is 5621565 a multiple of 60?
False
Does 50 divide 595153?
False
Does 54 divide 436968?
True
Is 21 a factor of 1867295?
False
Is 1468 a factor of 12785708?
False
Is 12968 a multiple of 8?
True
Does 38 divide 625619?
False
Is 2 a factor of 1027146?
True
Is 167 a factor of 730291?
True
Is 623995 a multiple of 38?
False
Is 24 a factor of 161376?
True
Is 70125 a multiple of 75?
True
Is 114 a factor of 51968?
False
Is 655728 a multiple of 152?
True
Is 22 a factor of 1075998?
True
Is 37 a factor of 359011?
True
Is 103 a factor of 2667292?
False
Is 77 a factor of 225422?
False
Is 5 a factor of 55425?
True
Is 114005 a multiple of 210?
False
Is 470438 a multiple of 20?
False
Does 32 divide 690880?
True
Is 568 a factor of 4185816?
False
Is 7 a factor of 43365?
True
Does 18 divide 9870287?
False
Does 132 divide 271418?
False
Is 359 a factor of 60641?
False
Is 22330 a multiple of 145?
True
Is 1117 a factor of 2980527?
False
Is 360706 a multiple of 60?
False
Does 12 divide 1108908?
True
Does 14 divide 512848?
True
Does 21 divide 408964?
False
Does 117 divide 92781?
True
Is 3022645 a multiple of 39?
False
Is 64673 a multiple of 13?
False
Is 125766 a multiple of 34?
True
Is 904650 a multiple of 489?
True
Is 66 a factor of 455293?
False
Is 43 a factor of 1279680?
True
Does 3 divide 88827?
True
Is 3901807 a multiple of 7?
True
Is 4019827 a multiple of 19?
False
Does 106 divide 103350?
True
Is 19 a factor of 1985943?
False
Is 476 a factor of 465528?
True
Is 2452543 a multiple of 30?
False
Is 525505 a multiple of 93?
False
Does 36 divide 3472524?
True
Does 2 divide 57414?
True
Is 828 a factor of 7476420?
False
Is 507480 a multiple of 40?
True
Does 16 divide 100224?
True
Is 41 a factor of 606595?
True
Is 294 a factor of 1094562?
True
Is 25244 a multiple of 6?
False
Is 1099266 a multiple of 98?
True
Does 59 divide 54398?
True
Is 312490 a multiple of 30?
False
Is 374 a factor of 669331?
False
Is 323748 a multiple of 51?
True
Is 16 a factor of 210368?
True
Is 176641 a multiple of 3?
False
Is 24 a factor of 92088?
True
Does 270 divide 1656720?
True
Is 859028 a multiple of 254?
True
Is 93789 a multiple of 10?
False
Is 1191564 a multiple of 34?
True
Does 35 divide 866355?
True
Is 2305251 a multiple of 99?
False
Does 11 divide 18241?
False
Does 21 divide 3734346?
True
Is 37808 a multiple of 77?
False
Is 14 a factor of 80293?
False
Does 595 divide 9638405?
True
Is 285 a factor of 169290?
True
Is 31 a factor of 143711?
False
Is 1494057 a multiple of 3?
True
Is 2441302 a multiple of 52?
False
Is 856080 a multiple of 1160?
True
Does 39 divide 306427?
False
Is 3094765 a multiple of 1583?
True
Is 427342 a multiple of 5?
False
Does 598 divide 508898?
True
Is 12 a factor of 4760328?
True
Is 27 a factor of 47658?
False
Is 4 a factor of 245680?
True
Is 168 a factor of 243936?
True
Does 357 divide 230421?
False
Does 5 divide 724148?
False
Does 39 divide 11889151?
False
Does 17 divide 92633?
True
Is 286 a factor of 1142856?
True
Does 801 divide 5421168?
True
Does 32 divide 4538105?
False
Is 100 a factor of 366600?
True
Is 100008 a multiple of 408?
False
Is 3091661 a multiple of 589?
True
Is 12 a factor of 5742596?
False
Is 23 a factor of 21381899?
False
Is 9418313 a multiple of 14?
False
Is 2313506 a multiple of 8?
False
Does 8 divide 3481736?
True
Is 18 a factor of 795830?
False
Is 6 a factor of 758190?
True
Does 30 divide 175430?
False
Is 8 a factor of 2156391?
False
Is 16 a factor of 58624?
True
Is 495759 a multiple of 181?
True
Does 42 divide 1251768?
True
Is 3232 even?
True
Is 10440234 a multiple of 267?
True
Is 61 a factor of 1305400?
True
Is 60205 a multiple of 6?
False
Is 11 a factor of 4460082?
True
Is 23030070 a multiple of 85?
True
Is 18 a factor of 2034882?
True
Does 246 divide 30170?
False
Does 24 divide 93216?
True
Is 304 a factor of 1295648?
True
Does 12 divide 138662?
False
Is 115 a factor of 3010071?
False
Does 26 divide 150133?
False
Does 4 divide 3966247?
False
Does 48 divide 1675632?
True
Is 7 a factor of 585452?
True
Is 566517 a multiple of 7?
True
Is 1220481 a multiple of 459?
True
Is 11 a factor of 1623668?
False
Is 260403 a multiple of 143?
True
Does 23 divide 63293?
False
Does 168 divide 300888?
True
Is 33 a factor of 803891?
False
Is 16 a factor of 260144?
True
Is 774 a factor of 4173886?
False
Does 1771 divide 9728103?
True
Is 21776 a multiple of 4?
True
Is 135 a factor of 98685?
True
Is 16 a factor of 6167984?
True
Is 272156 even?
True
Is 49 a factor of 473438?
True
Is 204 a factor of 45340?
False
Does 79 divide 454329?
True
Is 15 a factor of 2752?
False
Is 23 a factor of 110352?
False
Is 906423 a multiple of 21?
True
Is 59428 a multiple of 179?
True
Is 7 a factor of 32555?
False
Does 179 divide 6962505?
False
Is 491526 a multiple of 166?
True
Is 166 a factor of 1020751?
False
Is 17 a factor of 214404?
True
Is 39 a factor of 433602?
True
Is 105 a factor of 5211465?
True
Is 2 a factor of 767280?
True
Does 9 divide 2339853?
False
Is 974433 a multiple of 26?
False
Is 198985 a multiple of 4?
False
Is 323 a factor of 265605?
False
Is 4542144 a multiple of 41?
True
Is 2290256 a multiple of 21?
False
Does 14 divide 1988686?
True
Is 227 a factor of 436520?
False
Is 284 a factor of 19733740?
True
Is 7 a factor of 1698837?
True
Is 103 a factor of 3559886?
True
Does 5 divide 291835?
True
Is 20 a factor of 3594380?
True
Does 4 divide 70335?
False
Is 156565 a multiple of 181?
True
Is 21 a factor of 496563?
False
Is 45 a factor of 2463030?
True
Is 206822 a multiple of 6?
False
Is 12 a factor of 75598?
False
Is 33208 a multiple of 420?
False
Is 5721667 a multiple of 42?
False
Does 51 divide 267993?
False
Does 19 divide 2297389?
False
Is 49 a factor o